{"id":13,"date":"2023-03-04T08:49:09","date_gmt":"2023-03-04T08:49:09","guid":{"rendered":"https:\/\/traningsschematjej.com\/?page_id=13"},"modified":"2023-03-04T08:49:09","modified_gmt":"2023-03-04T08:49:09","slug":"steroider-for-tjejer","status":"publish","type":"page","link":"https:\/\/traningsschematjej.com\/?page_id=13","title":{"rendered":"Steroider f\u00f6r tjejer"},"content":{"rendered":"\n<p class=\"has-contrast-2-color has-text-color\">Det \u00e4r inte l\u00e4tt att veta vilka <a href=\"https:\/\/anabolasteroider.net\/steroider-for-tjejer\/\" target=\"_blank\" rel=\"noreferrer noopener\">steroider som \u00e4r f\u00f6r tjejer<\/a> om man inte \u00e4r insatt. Som tjej \u00e4r det viktigt att v\u00e4lja en steroid med s\u00e5 f\u00e5 f\u00f6rmanligande egenskaper. Det kallas f\u00f6r en l\u00e5gandrogen steroid. B\u00e4sta valet men tyv\u00e4rr det mest kostsamma \u00e4r <a href=\"https:\/\/anabolasteroider.net\/shop\/steroider-for-tjejer\/primobolan-enanthate-1000mg\/\" target=\"_blank\" rel=\"noreferrer noopener\">Primobolan<\/a>. Primobolan har funnits l\u00e4nge och anv\u00e4ndes flitigt av Arnold Schwarzenegger. Primobolan har en l\u00e5g androgen ratio (variabel) 44-57 och en anabol (uppbyggande) ratio p\u00e5 88.<\/p>\n\n\n\n<h2 class=\"has-contrast-2-color has-text-color\">Kombinera med Nandrolone Decaonate f\u00f6r b\u00e4ttre resultat<\/h2>\n\n\n\n<p>Att anv\u00e4nda Primobolan tillsammans med <a href=\"https:\/\/anabolasteroider.net\/shop\/steroider-for-tjejer\/nandrolone-deca-1000mg\/\" target=\"_blank\" rel=\"noreferrer noopener\">Nandrolone Decaonate<\/a> som tjej f\u00e5r ses som det mest effektiva och samtidigt det minst skadliga och f\u00f6rmanligande f\u00f6r kroppen. Nandrolone Decaonate, eller Deca som den ofta ben\u00e4mns, har androgen siffra p\u00e5 37 och anabol ratio p\u00e5 125.<\/p>\n\n\n\n<h3>Testosteron kan f\u00f6rvandla en kvinna till en man<\/h3>\n\n\n\n<p>Detta kan j\u00e4mf\u00f6ras med testosterone som har 100 i androgen och 100 i anabol ratio. D\u00e5 <a href=\"https:\/\/anabolasteroider.net\/shop\/testosterone\/testosterone-enanthate-2000mg\/\" target=\"_blank\" rel=\"noreferrer noopener\">testosteron<\/a> med adrogen ratio p\u00e5 100 kan f\u00f6rvandla en kvinna till en man p\u00e5 n\u00e5gra \u00e5r med relativt l\u00e5g dos \u00e4r Primobolan och Nandrolone Decaonate s\u00e4kra val med en androgen ratio under 50.<\/p>\n","protected":false},"excerpt":{"rendered":"<p>Det \u00e4r inte l\u00e4tt att veta vilka steroider som \u00e4r f\u00f6r tjejer om man inte \u00e4r insatt. Som tjej \u00e4r det viktigt att v\u00e4lja en steroid med s\u00e5 f\u00e5 f\u00f6rmanligande egenskaper. Det kallas f\u00f6r en l\u00e5gandrogen steroid. B\u00e4sta valet men tyv\u00e4rr det mest kostsamma \u00e4r Primobolan. Primobolan har funnits l\u00e4nge och anv\u00e4ndes flitigt av Arnold &#8230; <a title=\"Steroider f\u00f6r tjejer\" class=\"read-more\" href=\"https:\/\/traningsschematjej.com\/?page_id=13\" aria-label=\"Mer p\u00e5 Steroider f\u00f6r tjejer\">L\u00e4s mer<\/a><\/p>\n","protected":false},"author":2,"featured_media":14,"parent":0,"menu_order":0,"comment_status":"closed","ping_status":"closed","template":"","meta":[],"yoast_head":"<!-- This site is optimized with the Yoast SEO plugin v20.2.1 - https:\/\/yoast.com\/wordpress\/plugins\/seo\/ -->\n<title>Steroider f\u00f6r tjejer - traningsschematjej.com<\/title>\n<meta name=\"description\" content=\"Det \u00e4r inte l\u00e4tt att veta vilka steroider som \u00e4r f\u00f6r tjejer. Som tjej \u00e4r det viktigt att v\u00e4lja en steroid med s\u00e5 f\u00e5 f\u00f6rmanligande egenskaper.\" \/>\n<meta name=\"robots\" content=\"index, follow, max-snippet:-1, max-image-preview:large, max-video-preview:-1\" \/>\n<link rel=\"canonical\" href=\"https:\/\/traningsschematjej.com\/?page_id=13\" \/>\n<meta property=\"og:locale\" content=\"sv_SE\" \/>\n<meta property=\"og:type\" content=\"article\" \/>\n<meta property=\"og:title\" content=\"Steroider f\u00f6r tjejer - traningsschematjej.com\" \/>\n<meta property=\"og:description\" content=\"Det \u00e4r inte l\u00e4tt att veta vilka steroider som \u00e4r f\u00f6r tjejer. Som tjej \u00e4r det viktigt att v\u00e4lja en steroid med s\u00e5 f\u00e5 f\u00f6rmanligande egenskaper.\" \/>\n<meta property=\"og:url\" content=\"https:\/\/traningsschematjej.com\/?page_id=13\" \/>\n<meta property=\"og:site_name\" content=\"traningsschematjej.com\" \/>\n<meta property=\"og:image\" content=\"http:\/\/traningsschematjej.com\/wp-content\/uploads\/2023\/03\/back-view-photo-amazing-young-sports-woman-scaled.jpg\" \/>\n\t<meta property=\"og:image:width\" content=\"2560\" \/>\n\t<meta property=\"og:image:height\" content=\"1707\" \/>\n\t<meta property=\"og:image:type\" content=\"image\/jpeg\" \/>\n<meta name=\"twitter:card\" content=\"summary_large_image\" \/>\n<meta name=\"twitter:label1\" content=\"Ber\u00e4knad l\u00e4stid\" \/>\n\t<meta name=\"twitter:data1\" content=\"1 minut\" \/>\n<script type=\"application\/ld+json\" class=\"yoast-schema-graph\">{\"@context\":\"https:\/\/schema.org\",\"@graph\":[{\"@type\":\"WebPage\",\"@id\":\"https:\/\/traningsschematjej.com\/?page_id=13\",\"url\":\"https:\/\/traningsschematjej.com\/?page_id=13\",\"name\":\"Steroider f\u00f6r tjejer - traningsschematjej.com\",\"isPartOf\":{\"@id\":\"https:\/\/traningsschematjej.com\/#website\"},\"datePublished\":\"2023-03-04T08:49:09+00:00\",\"dateModified\":\"2023-03-04T08:49:09+00:00\",\"description\":\"Det \u00e4r inte l\u00e4tt att veta vilka steroider som \u00e4r f\u00f6r tjejer. Som tjej \u00e4r det viktigt att v\u00e4lja en steroid med s\u00e5 f\u00e5 f\u00f6rmanligande egenskaper.\",\"breadcrumb\":{\"@id\":\"https:\/\/traningsschematjej.com\/?page_id=13#breadcrumb\"},\"inLanguage\":\"sv-SE\",\"potentialAction\":[{\"@type\":\"ReadAction\",\"target\":[\"https:\/\/traningsschematjej.com\/?page_id=13\"]}]},{\"@type\":\"BreadcrumbList\",\"@id\":\"https:\/\/traningsschematjej.com\/?page_id=13#breadcrumb\",\"itemListElement\":[{\"@type\":\"ListItem\",\"position\":1,\"name\":\"Hem\",\"item\":\"https:\/\/traningsschematjej.com\/\"},{\"@type\":\"ListItem\",\"position\":2,\"name\":\"Steroider f\u00f6r tjejer\"}]},{\"@type\":\"WebSite\",\"@id\":\"https:\/\/traningsschematjej.com\/#website\",\"url\":\"https:\/\/traningsschematjej.com\/\",\"name\":\"traningsschematjej.com\",\"description\":\"\",\"potentialAction\":[{\"@type\":\"SearchAction\",\"target\":{\"@type\":\"EntryPoint\",\"urlTemplate\":\"https:\/\/traningsschematjej.com\/?s={search_term_string}\"},\"query-input\":\"required name=search_term_string\"}],\"inLanguage\":\"sv-SE\"}]}<\/script>\n<!-- \/ Yoast SEO plugin. -->","yoast_head_json":{"title":"Steroider f\u00f6r tjejer - traningsschematjej.com","description":"Det \u00e4r inte l\u00e4tt att veta vilka steroider som \u00e4r f\u00f6r tjejer. Som tjej \u00e4r det viktigt att v\u00e4lja en steroid med s\u00e5 f\u00e5 f\u00f6rmanligande egenskaper.","robots":{"index":"index","follow":"follow","max-snippet":"max-snippet:-1","max-image-preview":"max-image-preview:large","max-video-preview":"max-video-preview:-1"},"canonical":"https:\/\/traningsschematjej.com\/?page_id=13","og_locale":"sv_SE","og_type":"article","og_title":"Steroider f\u00f6r tjejer - traningsschematjej.com","og_description":"Det \u00e4r inte l\u00e4tt att veta vilka steroider som \u00e4r f\u00f6r tjejer. Som tjej \u00e4r det viktigt att v\u00e4lja en steroid med s\u00e5 f\u00e5 f\u00f6rmanligande egenskaper.","og_url":"https:\/\/traningsschematjej.com\/?page_id=13","og_site_name":"traningsschematjej.com","og_image":[{"width":2560,"height":1707,"url":"http:\/\/traningsschematjej.com\/wp-content\/uploads\/2023\/03\/back-view-photo-amazing-young-sports-woman-scaled.jpg","type":"image\/jpeg"}],"twitter_card":"summary_large_image","twitter_misc":{"Ber\u00e4knad l\u00e4stid":"1 minut"},"schema":{"@context":"https:\/\/schema.org","@graph":[{"@type":"WebPage","@id":"https:\/\/traningsschematjej.com\/?page_id=13","url":"https:\/\/traningsschematjej.com\/?page_id=13","name":"Steroider f\u00f6r tjejer - traningsschematjej.com","isPartOf":{"@id":"https:\/\/traningsschematjej.com\/#website"},"datePublished":"2023-03-04T08:49:09+00:00","dateModified":"2023-03-04T08:49:09+00:00","description":"Det \u00e4r inte l\u00e4tt att veta vilka steroider som \u00e4r f\u00f6r tjejer. Som tjej \u00e4r det viktigt att v\u00e4lja en steroid med s\u00e5 f\u00e5 f\u00f6rmanligande egenskaper.","breadcrumb":{"@id":"https:\/\/traningsschematjej.com\/?page_id=13#breadcrumb"},"inLanguage":"sv-SE","potentialAction":[{"@type":"ReadAction","target":["https:\/\/traningsschematjej.com\/?page_id=13"]}]},{"@type":"BreadcrumbList","@id":"https:\/\/traningsschematjej.com\/?page_id=13#breadcrumb","itemListElement":[{"@type":"ListItem","position":1,"name":"Hem","item":"https:\/\/traningsschematjej.com\/"},{"@type":"ListItem","position":2,"name":"Steroider f\u00f6r tjejer"}]},{"@type":"WebSite","@id":"https:\/\/traningsschematjej.com\/#website","url":"https:\/\/traningsschematjej.com\/","name":"traningsschematjej.com","description":"","potentialAction":[{"@type":"SearchAction","target":{"@type":"EntryPoint","urlTemplate":"https:\/\/traningsschematjej.com\/?s={search_term_string}"},"query-input":"required name=search_term_string"}],"inLanguage":"sv-SE"}]}},"_links":{"self":[{"href":"https:\/\/traningsschematjej.com\/index.php?rest_route=\/wp\/v2\/pages\/13"}],"collection":[{"href":"https:\/\/traningsschematjej.com\/index.php?rest_route=\/wp\/v2\/pages"}],"about":[{"href":"https:\/\/traningsschematjej.com\/index.php?rest_route=\/wp\/v2\/types\/page"}],"author":[{"embeddable":true,"href":"https:\/\/traningsschematjej.com\/index.php?rest_route=\/wp\/v2\/users\/2"}],"replies":[{"embeddable":true,"href":"https:\/\/traningsschematjej.com\/index.php?rest_route=%2Fwp%2Fv2%2Fcomments&post=13"}],"version-history":[{"count":1,"href":"https:\/\/traningsschematjej.com\/index.php?rest_route=\/wp\/v2\/pages\/13\/revisions"}],"predecessor-version":[{"id":16,"href":"https:\/\/traningsschematjej.com\/index.php?rest_route=\/wp\/v2\/pages\/13\/revisions\/16"}],"wp:featuredmedia":[{"embeddable":true,"href":"https:\/\/traningsschematjej.com\/index.php?rest_route=\/wp\/v2\/media\/14"}],"wp:attachment":[{"href":"https:\/\/traningsschematjej.com\/index.php?rest_route=%2Fwp%2Fv2%2Fmedia&parent=13"}],"curies":[{"name":"wp","href":"https:\/\/api.w.org\/{rel}","templated":true}]}}