{"id":2,"date":"2023-02-27T14:17:27","date_gmt":"2023-02-27T14:17:27","guid":{"rendered":"http:\/\/traningsschematjej.com\/?page_id=2"},"modified":"2023-03-04T08:36:29","modified_gmt":"2023-03-04T08:36:29","slug":"sample-page","status":"publish","type":"page","link":"https:\/\/traningsschematjej.com\/","title":{"rendered":"K\u00f6p steroider och tr\u00e4na r\u00e4tt"},"content":{"rendered":"\n<p class=\"has-contrast-2-color has-text-color\">Att <a href=\"https:\/\/anabolasteroider.net\/\" target=\"_blank\" rel=\"noreferrer noopener\">k\u00f6pa steroider<\/a> \u00e4r en djungel. Flera fr\u00e5gor dyker upp direkt. Vilka steroider passar mig? <a href=\"https:\/\/anabolasteroider.net\/steroider-for-tjejer\/\" target=\"_blank\" rel=\"noreferrer noopener\">Vilka steroider \u00e4r f\u00f6r tjejer?<\/a> F\u00f6r att g\u00f6ra det lite enklare att v\u00e4lja en steroid som passar dig oavsett om du \u00e4r tjej eller kille har vi f\u00f6rs\u00f6kt bena ut det viktigaste h\u00e4r och sedan l\u00e4nkat vidare till hemsidor som s\u00e4ljer steroider och som beskriver vad som \u00e4r l\u00e4mpligt f\u00f6r killar och tjejer.<\/p>\n","protected":false},"excerpt":{"rendered":"<p>Att k\u00f6pa steroider \u00e4r en djungel. Flera fr\u00e5gor dyker upp direkt. Vilka steroider passar mig? Vilka steroider \u00e4r f\u00f6r tjejer? F\u00f6r att g\u00f6ra det lite enklare att v\u00e4lja en steroid som passar dig oavsett om du \u00e4r tjej eller kille har vi f\u00f6rs\u00f6kt bena ut det viktigaste h\u00e4r och sedan l\u00e4nkat vidare till hemsidor som &#8230; <a title=\"K\u00f6p steroider och tr\u00e4na r\u00e4tt\" class=\"read-more\" href=\"https:\/\/traningsschematjej.com\/\" aria-label=\"Mer p\u00e5 K\u00f6p steroider och tr\u00e4na r\u00e4tt\">L\u00e4s mer<\/a><\/p>\n","protected":false},"author":2,"featured_media":6,"parent":0,"menu_order":0,"comment_status":"closed","ping_status":"open","template":"","meta":[],"yoast_head":"<!-- This site is optimized with the Yoast SEO plugin v20.2.1 - https:\/\/yoast.com\/wordpress\/plugins\/seo\/ -->\n<title>K\u00f6p steroider och tr\u00e4na r\u00e4tt - traningsschematjej.com<\/title>\n<meta name=\"description\" content=\"Att k\u00f6pa steroider \u00e4r en djungel. Flera fr\u00e5gor dyker upp direkt. Vilka steroider passar mig? Vilka steroider \u00e4r f\u00f6r tjejer?\" \/>\n<meta name=\"robots\" content=\"index, follow, max-snippet:-1, max-image-preview:large, max-video-preview:-1\" \/>\n<link rel=\"canonical\" href=\"https:\/\/traningsschematjej.com\/\" \/>\n<meta property=\"og:locale\" content=\"sv_SE\" \/>\n<meta property=\"og:type\" content=\"article\" \/>\n<meta property=\"og:title\" content=\"K\u00f6p steroider och tr\u00e4na r\u00e4tt - traningsschematjej.com\" \/>\n<meta property=\"og:description\" content=\"Att k\u00f6pa steroider \u00e4r en djungel. Flera fr\u00e5gor dyker upp direkt. Vilka steroider passar mig? Vilka steroider \u00e4r f\u00f6r tjejer?\" \/>\n<meta property=\"og:url\" content=\"https:\/\/traningsschematjej.com\/\" \/>\n<meta property=\"og:site_name\" content=\"traningsschematjej.com\" \/>\n<meta property=\"article:modified_time\" content=\"2023-03-04T08:36:29+00:00\" \/>\n<meta property=\"og:image\" content=\"http:\/\/traningsschematjej.com\/wp-content\/uploads\/2023\/03\/pretty-blonde-sportswoman-posing-while-standing-scaled.jpg\" \/>\n\t<meta property=\"og:image:width\" content=\"2560\" \/>\n\t<meta property=\"og:image:height\" content=\"1707\" \/>\n\t<meta property=\"og:image:type\" content=\"image\/jpeg\" \/>\n<meta name=\"twitter:card\" content=\"summary_large_image\" \/>\n<meta name=\"twitter:label1\" content=\"Ber\u00e4knad l\u00e4stid\" \/>\n\t<meta name=\"twitter:data1\" content=\"1 minut\" \/>\n<script type=\"application\/ld+json\" class=\"yoast-schema-graph\">{\"@context\":\"https:\/\/schema.org\",\"@graph\":[{\"@type\":\"WebPage\",\"@id\":\"https:\/\/traningsschematjej.com\/\",\"url\":\"https:\/\/traningsschematjej.com\/\",\"name\":\"K\u00f6p steroider och tr\u00e4na r\u00e4tt - traningsschematjej.com\",\"isPartOf\":{\"@id\":\"https:\/\/traningsschematjej.com\/#website\"},\"datePublished\":\"2023-02-27T14:17:27+00:00\",\"dateModified\":\"2023-03-04T08:36:29+00:00\",\"description\":\"Att k\u00f6pa steroider \u00e4r en djungel. Flera fr\u00e5gor dyker upp direkt. Vilka steroider passar mig? Vilka steroider \u00e4r f\u00f6r tjejer?\",\"breadcrumb\":{\"@id\":\"https:\/\/traningsschematjej.com\/#breadcrumb\"},\"inLanguage\":\"sv-SE\",\"potentialAction\":[{\"@type\":\"ReadAction\",\"target\":[\"https:\/\/traningsschematjej.com\/\"]}]},{\"@type\":\"BreadcrumbList\",\"@id\":\"https:\/\/traningsschematjej.com\/#breadcrumb\",\"itemListElement\":[{\"@type\":\"ListItem\",\"position\":1,\"name\":\"Hem\",\"item\":\"https:\/\/traningsschematjej.com\/\"},{\"@type\":\"ListItem\",\"position\":2,\"name\":\"K\u00f6p steroider och tr\u00e4na r\u00e4tt\"}]},{\"@type\":\"WebSite\",\"@id\":\"https:\/\/traningsschematjej.com\/#website\",\"url\":\"https:\/\/traningsschematjej.com\/\",\"name\":\"traningsschematjej.com\",\"description\":\"\",\"potentialAction\":[{\"@type\":\"SearchAction\",\"target\":{\"@type\":\"EntryPoint\",\"urlTemplate\":\"https:\/\/traningsschematjej.com\/?s={search_term_string}\"},\"query-input\":\"required name=search_term_string\"}],\"inLanguage\":\"sv-SE\"}]}<\/script>\n<!-- \/ Yoast SEO plugin. -->","yoast_head_json":{"title":"K\u00f6p steroider och tr\u00e4na r\u00e4tt - traningsschematjej.com","description":"Att k\u00f6pa steroider \u00e4r en djungel. Flera fr\u00e5gor dyker upp direkt. Vilka steroider passar mig? Vilka steroider \u00e4r f\u00f6r tjejer?","robots":{"index":"index","follow":"follow","max-snippet":"max-snippet:-1","max-image-preview":"max-image-preview:large","max-video-preview":"max-video-preview:-1"},"canonical":"https:\/\/traningsschematjej.com\/","og_locale":"sv_SE","og_type":"article","og_title":"K\u00f6p steroider och tr\u00e4na r\u00e4tt - traningsschematjej.com","og_description":"Att k\u00f6pa steroider \u00e4r en djungel. Flera fr\u00e5gor dyker upp direkt. Vilka steroider passar mig? Vilka steroider \u00e4r f\u00f6r tjejer?","og_url":"https:\/\/traningsschematjej.com\/","og_site_name":"traningsschematjej.com","article_modified_time":"2023-03-04T08:36:29+00:00","og_image":[{"width":2560,"height":1707,"url":"http:\/\/traningsschematjej.com\/wp-content\/uploads\/2023\/03\/pretty-blonde-sportswoman-posing-while-standing-scaled.jpg","type":"image\/jpeg"}],"twitter_card":"summary_large_image","twitter_misc":{"Ber\u00e4knad l\u00e4stid":"1 minut"},"schema":{"@context":"https:\/\/schema.org","@graph":[{"@type":"WebPage","@id":"https:\/\/traningsschematjej.com\/","url":"https:\/\/traningsschematjej.com\/","name":"K\u00f6p steroider och tr\u00e4na r\u00e4tt - traningsschematjej.com","isPartOf":{"@id":"https:\/\/traningsschematjej.com\/#website"},"datePublished":"2023-02-27T14:17:27+00:00","dateModified":"2023-03-04T08:36:29+00:00","description":"Att k\u00f6pa steroider \u00e4r en djungel. Flera fr\u00e5gor dyker upp direkt. Vilka steroider passar mig? Vilka steroider \u00e4r f\u00f6r tjejer?","breadcrumb":{"@id":"https:\/\/traningsschematjej.com\/#breadcrumb"},"inLanguage":"sv-SE","potentialAction":[{"@type":"ReadAction","target":["https:\/\/traningsschematjej.com\/"]}]},{"@type":"BreadcrumbList","@id":"https:\/\/traningsschematjej.com\/#breadcrumb","itemListElement":[{"@type":"ListItem","position":1,"name":"Hem","item":"https:\/\/traningsschematjej.com\/"},{"@type":"ListItem","position":2,"name":"K\u00f6p steroider och tr\u00e4na r\u00e4tt"}]},{"@type":"WebSite","@id":"https:\/\/traningsschematjej.com\/#website","url":"https:\/\/traningsschematjej.com\/","name":"traningsschematjej.com","description":"","potentialAction":[{"@type":"SearchAction","target":{"@type":"EntryPoint","urlTemplate":"https:\/\/traningsschematjej.com\/?s={search_term_string}"},"query-input":"required name=search_term_string"}],"inLanguage":"sv-SE"}]}},"_links":{"self":[{"href":"https:\/\/traningsschematjej.com\/index.php?rest_route=\/wp\/v2\/pages\/2"}],"collection":[{"href":"https:\/\/traningsschematjej.com\/index.php?rest_route=\/wp\/v2\/pages"}],"about":[{"href":"https:\/\/traningsschematjej.com\/index.php?rest_route=\/wp\/v2\/types\/page"}],"author":[{"embeddable":true,"href":"https:\/\/traningsschematjej.com\/index.php?rest_route=\/wp\/v2\/users\/2"}],"replies":[{"embeddable":true,"href":"https:\/\/traningsschematjej.com\/index.php?rest_route=%2Fwp%2Fv2%2Fcomments&post=2"}],"version-history":[{"count":3,"href":"https:\/\/traningsschematjej.com\/index.php?rest_route=\/wp\/v2\/pages\/2\/revisions"}],"predecessor-version":[{"id":10,"href":"https:\/\/traningsschematjej.com\/index.php?rest_route=\/wp\/v2\/pages\/2\/revisions\/10"}],"wp:featuredmedia":[{"embeddable":true,"href":"https:\/\/traningsschematjej.com\/index.php?rest_route=\/wp\/v2\/media\/6"}],"wp:attachment":[{"href":"https:\/\/traningsschematjej.com\/index.php?rest_route=%2Fwp%2Fv2%2Fmedia&parent=2"}],"curies":[{"name":"wp","href":"https:\/\/api.w.org\/{rel}","templated":true}]}}